f a?
2, 107
Let h = -344 - -192. Let t = -334 - h. Let v = -57 - t. What are the prime factors of v?
5
Let t be ((-3)/((-6)/4))/((-90)/(-6165)). Let s = t - -766. List the prime factors of s.
3, 7, 43
Let q(y) = y + 1. Let w(x) = 70. Let j(b) = 7*q(b) - w(b). What are the prime factors of j(40)?
7, 31
Let a = -7440 + 7433. Suppose -i - 450 = -5*i + 3*y, -3*y = 5*i - 549. List the prime factors of i*(a - -3)/(-4).
3, 37
Suppose 108 = 2*p - 2*s, 5*p - 166 = 2*p + 5*s. Suppose 5*n + 0*j + 95 = 2*j, -20 = 4*j. Let h = n + p. What are the prime factors of h?
31
What are the prime factors of -10 + ((-7372)/(-6))/((-196)/(-2646))?
11, 137
Let m(w) = -17*w**3 + w**2 - 2*w + 2. Let o be m(2). Let r = o - -188. Let c = 88 - r. What are the prime factors of c?
2, 17
Let s = 2200 + -1361. What are the prime factors of s?
839
Suppose -q - 4 = 0, -3*q - 31 = 2*g + 75. Let z = g - -55. Suppose -9*r + 25 = -z*r. What are the prime factors of r?
5
Let r(w) be the third derivative of 11*w**4/24 - 4*w**3/3 - w**2 + 18. What are the prime factors of r(10)?
2, 3, 17
Let h = 28128 + -21444. What are the prime factors of h?
2, 3, 557
Let v(i) = i**3 + 11*i**2 + 19*i + 9. Let y = 82 + -90. Let t be v(y). What are the prime factors of (-142)/14*-20 - (-7)/t?
7, 29
Let m(a) = -a**2 + 9*a - 8. Let w be m(6). Suppose -186 - w = -4*s. Suppose -s*i = -45*i - 340. What are the prime factors of i?
5, 17
Suppose -11*l = -18*l. Suppose l*i + 8*i - 2760 = 0. List the prime factors of i.
3, 5, 23
What are the prime factors of (-1 - (-1)/1) + (83297 - 15)?
2, 41641
Let w = 31993 + -22722. What are the prime factors of w?
73, 127
Let j(h) = 2*h**2 + 10*h - 108. Let a(i) = -i**2 - 25*i - 111. Let c be a(-18). What are the prime factors of j(c)?
2, 3, 41
Suppose 342832 + 45887 = 27*c. List the prime factors of c.
3, 4799
Let j = 2057 - 1506. What are the prime factors of j?
19, 29
Let m(y) = 1293*y**2 - 16*y + 15. List the prime factors of m(-3).
2, 3, 5, 13
What are the prime factors of (42255 - (-252)/12) + 3 + 2?
42281
Let t = 5569 + -5563. Let i(z) = -5*z**2 + 26*z - 3. Let a(c) = 3*c**2 - 13*c + 1. Let f(p) = 7*a(p) + 3*i(p). What are the prime factors of f(t)?
2, 17
Let t(u) = 98*u**2 - 89*u - 58. List the prime factors of t(10).
2, 2213
Let g = 29 - -34. Let h = 214 + -118. Let w = h - g. What are the prime factors of w?
3, 11
Suppose -2*f + 24158 = 4*v, -96*f = 4*v - 98*f - 24146. List the prime factors of v.
2, 3019
Suppose 5*n = 5*u - 4335, -u = -3*n - 2565 - 34. Let o = -230 - n. List the prime factors of o.
2, 3, 53
Let x(t) = -1726*t - 639. List the prime factors of x(-12).
3, 6691
Let w(f) = f**2 + 12*f - 11. Let z be w(-12). Let j(m) = -5*m - 24. Let k be j(z). Suppose -q + k = -13. List the prime factors of q.
2, 11
Let p(d) = -2*d - 3*d**2 + 11*d**3 - 4*d**2 + 9*d**2 + 0*d + 8. List the prime factors of p(3).
317
Let r(z) = z**3 - 5*z**2 - 5*z - 7. Let i be r(7). Let v = i + -11. What are the prime factors of 4887/v - (-2)/5?
109
Let f be (5 + -2)*5 - 0. Suppose -3*v = -7*v + u - 3, 5*v = -5*u + f. Suppose -2*w + 3*w - 157 = v. What are the prime factors of w?
157
Let u(q) = 10*q**2 + 61*q - 37. Suppose 5*n = -2*h - 61 + 10, -27 = h + 3*n. List the prime factors of u(h).
5, 421
Let y(d) = 3*d**2 + 13*d + 71. Let q(o) = -15*o**2 - 66*o - 354. Let c(f) = 2*q(f) + 11*y(f). What are the prime factors of c(-10)?
263
Suppose 465 = t + 5*b - 1646, -4*b + 10597 = 5*t. List the prime factors of t.
3, 7, 101
Let m(t) = 4361*t**3 - 5*t**2 - 55*t + 108. What are the prime factors of m(2)?
2, 3, 13, 149
Suppose -5*r + s = -13, -5*s + 4 = -6. Suppose k + r*k = k. What are the prime factors of (35/20 + (-2 - k))*-604?
151
Let h(o) = 2*o**3 - 30*o**2 + 91*o - 87. List the prime factors of h(17).
2, 3, 109
Suppose 64 = 3*i - 92. Let v = i - 47. Suppose 5*c - 51 = -2*z + z, v*c + 204 = 4*z. List the prime factors of z.
3, 17
Let i = -14 - -54. Let o = i + -42. List the prime factors of -16*o/((-24)/(-63)).
2, 3, 7
Let s be 395 + 15/10*(630/(-27))/(-7). Suppose r + 564 = 3*r - 2*l, 0 = -5*r - l + 1386. Let d = s - r. What are the prime factors of d?
2, 61
Let f(h) = h**3 - 2*h**2 - 3*h + 2. Let a be f(0). List the prime factors of -14*(-113)/4 - a/(-4).
2, 3, 11
Let u(p) = 62*p - 4. Let s(r) = -8*r + 5. Let m be s(0). Let a be u(m). Let l = 461 - a. List the prime factors of l.
5, 31
Let x(m) = -m + 185. Suppose -t = -0*t. Let i be x(t). Suppose -533 = -4*k - i. List the prime factors of k.
3, 29
Let g(w) = -w**3 - 71*w**2 + 162*w - 969. What are the prime factors of g(-77)?
3, 2459
Let c be 136/10*(-135)/(-6). Let n = 137 + c. List the prime factors of n.
443
Let d(j) = 38*j**2 + 40*j - 780. What are the prime factors of d(15)?
2, 3, 5, 31
Let c(l) = 7583*l + 584. What are the prime factors of c(5)?
3, 41, 313
Suppose 36*y = 31*y - 110*y + 1223945. List the prime factors of y.
29, 367
Let y(w) = w**3 + 25*w**2 - 78*w - 120. List the prime factors of y(30).
2, 3, 5, 7
Let f(i) = i**3 - 5*i**2 + 8*i - 4. Let j be f(3). Suppose -j*r = -3*r - 9. What are the prime factors of -1 - -116 - (r/3)/(-3)?
2, 3, 19
Let m be (-10)/(110/33) - (-1408 + 0). Suppose 17*s - 22*s + m = 0. What are the prime factors of s?
281
Let q be (-14)/(-5) - 1/(-5). Suppose -q*z + 2937 = -129. What are the prime factors of z?
2, 7, 73
What are the prime factors of ((-644)/35)/((-36)/510)*(-1668)/(-8)?
17, 23, 139
Let h(m) = 2*m**2 + m - 64. Let x be h(-6). Suppose -x*s + 28308 = 40*s. List the prime factors of s.
2, 337
Let s be (-24)/84 + (-2 - (-607)/(-7)). Let y = s - -263. What are the prime factors of y?
2, 3, 29
Let j = 612 - 610. Suppose 6*p = 3*z + j*p - 2673, -884 = -z - p. What are the prime factors of z?
887
Suppose -356 = -5*l - i, -3*i + 7*i = 3*l - 209. Suppose -67*h = -l*h + 540. What are the prime factors of h?
3, 5
Suppose -5*w = -4*t - 5783, 3*t + 1724 + 2622 = -5*w. What are the prime factors of 2 + (-2 - 4) + t/(-1)?
3, 13, 37
Let i(u) = -2*u**2 + 375*u - 50. List the prime factors of i(79).
17093
Let s(k) = -k**3 + 46*k**2 - 51*k + 365. List the prime factors of s(38).
17, 587
Let x(q) = 10*q**2 + 16*q + 15. Let g(u) = -u**2 - 5*u - 8. Let o be g(-4). List the prime factors of x(o).
3, 37
Let b(g) = 775*g - 2980. List the prime factors of b(50).
2, 5, 7, 73
Suppose 946 - 13154 = -g. List the prime factors of g.
2, 7, 109
Let l(w) = 2*w**2 - 5*w + 24. Let n be l(5). Suppose 2*h - 149 = 4*p - n, -2*h = -4. Let u = p - -154. List the prime factors of u.
2, 5, 13
List the prime factors of (4/(-3) + 0)*(-3 + 2391/(-2)).
2, 17, 47
Let k be ((-2)/3)/(2*1/(-42)). Let u be (k/4)/(-7)*-26. Suppose 3*s + u*s - 416 = 0. List the prime factors of s.
2, 13
Suppose -884 = -2*o + 3*q, -221 = -o - 5*q + 221. Suppose -a = -v + 216, 3*v - o - 211 = 2*a. List the prime factors of 171 - (1/(-9) - v/117).
173
Let x(c) = 31*c**3 - 5*c**2 + 6*c + 5. Let m(l) = l**2 + 9*l - 5. Let k be m(-10). Let j be x(k). List the prime factors of 2/11 - (j/(-55) + 5).
2
Let w = 19277 - 8628. List the prime factors of w.
23, 463
Suppose -92*k + 3729503 - 642075 = 0. What are the prime factors of k?
37, 907
Let o(p) = 51*p**2 + 13*p - 31. Suppose -8*n - 4*h = -3*n - 36, -2*n = 4*h - 24. List the prime factors of o(n).
3, 31
Let u(l) = -l**2 - 131*l - 1817. What are the prime factors of u(-72)?
11, 13, 17
List the prime factors of 2/(-2 + 13541/6765).
2, 3, 5, 41
Let u be -4*(-115)/(-10)*(2 + -1). Let d = u - -45. What are the prime factors of (-18)/((d - 0)*1)?
2, 3
Let p = -122 - -95. Let k = p - -4. Let m = k + 51. What are the prime factors of m?
2, 7
Let v(u) = -21 - 2*u**3 + 4*u**3 + 7 + 3*u**2 + 12. Let t be v(-2). List the prime factors of 4*38 + (t - (-13 + 6)).
3, 17
Suppose 4*c + 5*x - 12 - 15 = 0, 0 = -c + x. Suppose 1950 = -0*d + 5*d + 5*n, d - c*n - 402 = 0. What are the prime factors of d?
3, 131
Suppose -9*k = 4*k - 39. Let x(r) = -19*r - 15*r - r**3 + 2*r**k + 9*r + 20*r**2 - 4. What are the prime factors of x(-21)?
2, 5
Suppose -1 = -3*q + 5*m, 3*q + 11*m = 9*m - 34. Let o(h) = -119*h - 166. What are the prime factors of o(q)?
2, 3, 131
Let k = -101 - -105. Suppose -m - 2*g + 73 = g, k*g - 194 = -3*m. List the prime factors of m.
2, 29
Let k = 22 - 6. Suppose 10*j = k*j - 774. What are the prime factors of j?
3